r when 2951157 is divided by 737788?
5
Calculate the remainder when 50672322 is divided by 22.
8
Calculate the remainder when 1126827 is divided by 30453.
66
Calculate the remainder when 130395 is divided by 8684.
135
What is the remainder when 26684974 is divided by 157?
155
Calculate the remainder when 4757830 is divided by 4757830.
0
What is the remainder when 2584699 is divided by 192?
187
What is the remainder when 10723903 is divided by 16?
15
What is the remainder when 271966 is divided by 135975?
16
What is the remainder when 13021 is divided by 345?
256
Calculate the remainder when 4074109 is divided by 4074079.
30
Calculate the remainder when 134164 is divided by 3946.
0
What is the remainder when 26240224 is divided by 102?
10
Calculate the remainder when 3413924 is divided by 322.
80
Calculate the remainder when 7510360 is divided by 18590.
0
What is the remainder when 78963 is divided by 6050?
313
What is the remainder when 2643459 is divided by 210?
189
Calculate the remainder when 2170999 is divided by 5308.
27
What is the remainder when 1238072 is divided by 206338?
44
What is the remainder when 14538038 is divided by 148?
146
What is the remainder when 987552 is divided by 762?
0
Calculate the remainder when 6083603 is divided by 103.
11
What is the remainder when 253191 is divided by 300?
291
What is the remainder when 3010525 is divided by 840?
805
Calculate the remainder when 2147306 is divided by 174.
146
Calculate the remainder when 13414523 is divided by 1916358.
17
What is the remainder when 34422 is divided by 33832?
590
Calculate the remainder when 50379573 is divided by 2518978.
13
What is the remainder when 185993657 is divided by 9?
8
Calculate the remainder when 7001997 is divided by 200.
197
What is the remainder when 146684 is divided by 5625?
434
Calculate the remainder when 467560454 is divided by 24.
14
What is the remainder when 3719630 is divided by 1390?
1380
What is the remainder when 532460 is divided by 1202?
1176
Calculate the remainder when 107341184 is divided by 431089.
23
Calculate the remainder when 763624 is divided by 254540.
4
Calculate the remainder when 25788 is divided by 58.
36
What is the remainder when 328642 is divided by 277?
120
What is the remainder when 6917510 is divided by 19?
9
What is the remainder when 7050789 is divided by 22?
9
What is the remainder when 88003 is divided by 3656?
259
What is the remainder when 4864916 is divided by 286171?
9
Calculate the remainder when 763208 is divided by 7539.
1769
What is the remainder when 7354125 is divided by 3703?
3670
Calculate the remainder when 98766 is divided by 331.
128
Calculate the remainder when 24299151 is divided by 82.
9
Calculate the remainder when 15540213 is divided by 374.
139
Calculate the remainder when 182503 is divided by 1332.
19
Calculate the remainder when 173234453 is divided by 28724.
9
What is the remainder when 1682462 is divided by 55?
12
What is the remainder when 22390843 is divided by 576?
571
Calculate the remainder when 31753286 is divided by 310.
296
Calculate the remainder when 121403 is divided by 408.
227
Calculate the remainder when 1159896 is divided by 11484.
12
Calculate the remainder when 87595 is divided by 21888.
43
What is the remainder when 10982430 is divided by 1503?
9
Calculate the remainder when 16324231 is divided by 5.
1
What is the remainder when 27042 is divided by 4501?
36
Calculate the remainder when 461097 is divided by 5067.
0
Calculate the remainder when 244067 is divided by 1807.
122
Calculate the remainder when 160979 is divided by 1845.
464
What is the remainder when 4499813 is divided by 298?
13
What is the remainder when 767040 is divided by 735?
435
Calculate the remainder when 209815 is divided by 176.
23
What is the remainder when 6195561 is divided by 872?
1
What is the remainder when 84057 is divided by 312?
129
What is the remainder when 108954 is divided by 1101?
1056
Calculate the remainder when 707427 is divided by 707417.
10
What is the remainder when 224200183 is divided by 706?
705
What is the remainder when 9349768 is divided by 61?
54
What is the remainder when 361882 is divided by 20102?
46
Calculate the remainder when 134785 is divided by 67329.
127
Calculate the remainder when 128445881 is divided by 71.
65
Calculate the remainder when 3009866 is divided by 3286.
3176
Calculate the remainder when 6664358 is divided by 5770.
8
Calculate the remainder when 79259 is divided by 6599.
71
What is the remainder when 34612412 is divided by 308?
296
Calculate the remainder when 3255067 is divided by 92995.
242
Calculate the remainder when 71407 is divided by 71346.
61
What is the remainder when 672728 is divided by 444?
68
Calculate the remainder when 449022 is divided by 64144.
14
What is the remainder when 965573 is divided by 321844?
41
What is the remainder when 6097150 is divided by 91?
59
What is the remainder when 20428 is divided by 2813?
737
What is the remainder when 11323310 is divided by 1313?
1311
Calculate the remainder when 4364822 is divided by 674.
672
Calculate the remainder when 3131934 is divided by 260992.
30
Calculate the remainder when 110168 is divided by 153.
8
Calculate the remainder when 8888232 is divided by 37189.
61
What is the remainder when 2817587 is divided by 3307?
23
Calculate the remainder when 4683191 is divided by 870.
851
What is the remainder when 1486933 is divided by 1909?
1731
Calculate the remainder when 7127835 is divided by 3563851.
133
What is the remainder when 130895311 is divided by 10?
1
Calculate the remainder when 1957656 is divided by 652437.
345
Calculate the remainder when 147473 is divided by 49036.
365
What is the remainder when 4924446 is divided by 699?
690
Calculate the remainder when 63616 is divided by 20925.
841
Calculate the remainder when 65424808 is divided by 254.
250
Calculate the remainder when 299029 is divided by 4046.
3671
Calculate the remainder when 493566 is divided by 1147.
356
Calculate the remainder when 8905757 is divided by 4452874.
9
What is the remainder when 3084373 is divided by 154209?
193
Calculate the remainder when 15448 is divided by 579.
394
What is the remainder when 56094 is divided by 55794?
300
What is the remainder when 251953 is divided by 133?
51
Calculate the remainder when 5107752 is divided by 65484.
0
Calculate the remainder when 28702932 is divided by 1742.
1740
Calculate the remainder when 1036969 is divided by 1737.
1717
What is the remainder when 41652 is divided by 41619?
33
Calculate the remainder when 183835 is divided by 3011.
164
Calculate the remainder when 9180936 is divided by 286901.
104
What is the remainder when 10939096 is divided by 432?
424
What is the remainder when 3922000 is divided by 403?
4
Calculate the remainder when 407494 is divided by 8617.
2495
Calculate the remainder when 238133 is divided by 8138.
2131
What is the remainder when 582006 is divided by 511?
488
What is the remainder when 392400967 is divided by 277?
274
What is the remainder when 1071172 is divided by 203?
144
Calculate the remainder when 100084 is divided by 12182.
2628
Calculate the remainder when 306766 is divided by 5.
1
Calculate the remainder when 5107012 is divided by 22.
20
Calculate the remainder when 180538656 is divided by 5481.
5478
Calculate the remainder when 518385 is divided by 74021.
238
What is the remainder when 2697337 is divided by 59?
34
What is the remainder when 102976 is divided by 551?
490
What is the remainder when 992479 is divided by 43149?
52
What is the remainder when 167052 is divided by 785?
632
Calculate the remainder when 11406480 is divided by 112935.
45
What is the remainder when 376911 is divided by 125619?
54
What is the remainder when 4168253 is divided by 2790?
2783
What is the remainder when 10869231 is divided by 2113?
2072
What is the remainder when 21545129 is divided by 20364?
17
What is the remainder when 331065 is divided by 269?
195
Calculate the remainder when 83790 is divided by 1423.
1256
Calculate the remainder when 13048985 is divided by 10283.
10141
Calculate the remainder when 8656078 is divided by 21268.
2
Calculate the remainder when 52590 is divided by 549.
435
What is the remainder when 3751230 is divided 